CRAN Package Check Results for Package peramo

Last updated on 2024-02-24 19:50:47 CET.

Flavor Version Tinstall Tcheck Ttotal Status Flags
r-devel-linux-x86_64-debian-clang 0.1.3 13.79 120.78 134.57 OK
r-devel-linux-x86_64-debian-gcc 0.1.3 8.82 88.30 97.12 OK
r-devel-linux-x86_64-fedora-clang 0.1.3 168.41 NOTE
r-devel-linux-x86_64-fedora-gcc 0.1.3 163.57 NOTE
r-devel-windows-x86_64 0.1.3 12.00 104.00 116.00 OK
r-patched-linux-x86_64 0.1.3 21.25 115.26 136.51 OK
r-release-linux-x86_64 0.1.3 9.03 114.39 123.42 OK
r-release-macos-arm64 0.1.3 47.00 OK
r-release-macos-x86_64 0.1.3 112.00 OK
r-release-windows-x86_64 0.1.3 16.00 118.00 134.00 OK
r-oldrel-macos-arm64 0.1.2 47.00 OK
r-oldrel-windows-x86_64 0.1.2 16.00 112.00 128.00 OK

Check Details

Version: 0.1.3
Check: data for non-ASCII characters
Result: NOTE Note: found 4 marked UTF-8 strings Flavors: r-devel-linux-x86_64-fedora-clang, r-devel-linux-x86_64-fedora-gcc