CRAN Package Check Results for Package perARMA

Last updated on 2020-09-24 20:46:56 CEST.

Flavor Version Tinstall Tcheck Ttotal Status Flags
r-devel-linux-x86_64-debian-clang 1.6 7.03 48.78 55.81 NOTE
r-devel-linux-x86_64-debian-gcc 1.6 5.62 37.34 42.96 NOTE
r-devel-linux-x86_64-fedora-clang 1.6 78.09 NOTE
r-devel-linux-x86_64-fedora-gcc 1.6 64.50 NOTE
r-devel-windows-ix86+x86_64 1.6 11.00 46.00 57.00 OK
r-patched-linux-x86_64 1.6 6.21 46.26 52.47 NOTE
r-patched-solaris-x86 1.6 82.50 NOTE
r-release-linux-x86_64 1.6 6.42 46.11 52.53 NOTE
r-release-macos-x86_64 1.6 OK
r-release-windows-ix86+x86_64 1.6 9.00 67.00 76.00 OK
r-oldrel-macos-x86_64 1.6 OK
r-oldrel-windows-ix86+x86_64 1.6 8.00 62.00 70.00 OK

Check Details

Version: 1.6
Check: for non-standard things in the check directory
Result: NOTE
    Found the following files/directories:
     'PARMA21del1_ident'
Flavors: r-devel-linux-x86_64-debian-clang, r-devel-linux-x86_64-debian-gcc, r-devel-linux-x86_64-fedora-clang, r-devel-linux-x86_64-fedora-gcc, r-patched-linux-x86_64, r-patched-solaris-x86, r-release-linux-x86_64