CRAN Package Check Results for Package pems.utils

Last updated on 2024-02-24 19:50:47 CET.

Flavor Version Tinstall Tcheck Ttotal Status Flags
r-devel-linux-x86_64-debian-clang 0.2.29.1 66.09 404.88 470.97 NOTE
r-devel-linux-x86_64-debian-gcc 0.2.29.1 54.18 300.56 354.74 NOTE
r-devel-linux-x86_64-fedora-clang 0.2.29.1 589.07 OK
r-devel-linux-x86_64-fedora-gcc 0.2.29.1 607.57 OK
r-devel-windows-x86_64 0.2.29.1 52.00 277.00 329.00 OK
r-patched-linux-x86_64 0.2.29.1 51.93 396.89 448.82 OK
r-release-linux-x86_64 0.2.29.1 42.19 403.84 446.03 OK
r-release-macos-arm64 0.2.29.1 139.00 OK
r-release-macos-x86_64 0.2.29.1 247.00 OK
r-release-windows-x86_64 0.2.29.1 71.00 353.00 424.00 OK
r-oldrel-macos-arm64 0.2.29.1 112.00 OK
r-oldrel-windows-x86_64 0.2.29.1 68.00 341.00 409.00 OK

Check Details

Version: 0.2.29.1
Check: Rd files
Result: NOTE checkRd: (-1) 5.1.pems.plots.Rd:212: Lost braces; missing escapes or markup? 212 | (Logical or character) For {WatsonPlot}, how to | ^ checkRd: (-1) 5.1.pems.plots.Rd:221: Lost braces; missing escapes or markup? 221 | (numeric) For {WatsonPlot}, pre-set plot types: | ^ checkRd: (-1) 6.2.check.functions.Rd:189: Lost braces 189 | If a parent function is identified as \code{fun.name} and the check case (code{input}, | ^ checkRd: (-1) 7.1.vsp.code.Rd:89: Lost braces 89 | code{\link{common.calculations}} for further details. | ^ checkRd: (-1) 7.2.emissions.code.Rd:90: Lost braces 90 | emissions calculation methods. It accepts an input code{conc} which it checks and passes | ^ checkRd: (-1) 8.1.tidyverse.tools.Rd:139: Lost braces 139 | (\code{pems}, code{data.frame}, etc) to | ^ Flavors: r-devel-linux-x86_64-debian-clang, r-devel-linux-x86_64-debian-gcc