CRAN Package Check Results for Package pema

Last updated on 2023-11-30 19:52:07 CET.

Flavor Version Tinstall Tcheck Ttotal Status Flags
r-devel-linux-x86_64-debian-clang 0.1.3 1390.35 321.77 1712.12 NOTE
r-devel-linux-x86_64-debian-gcc 0.1.3 1136.38 311.67 1448.05 NOTE
r-devel-linux-x86_64-fedora-clang 0.1.3 2082.29 NOTE
r-devel-linux-x86_64-fedora-gcc 0.1.3 2859.33 NOTE
r-devel-windows-x86_64 0.1.3 979.00 321.00 1300.00 NOTE
r-patched-linux-x86_64 0.1.3 965.69 421.86 1387.55 NOTE
r-release-linux-x86_64 0.1.3 981.02 415.26 1396.28 NOTE
r-release-macos-arm64 0.1.3 582.00 NOTE
r-release-macos-x86_64 0.1.3 922.00 NOTE
r-release-windows-x86_64 0.1.3 1331.00 418.00 1749.00 NOTE
r-oldrel-macos-arm64 0.1.3 426.00 NOTE
r-oldrel-macos-x86_64 0.1.3 646.00 NOTE
r-oldrel-windows-x86_64 0.1.3 1259.00 379.00 1638.00 NOTE

Check Details

Version: 0.1.3
Check: for GNU extensions in Makefiles
Result: NOTE GNU make is a SystemRequirements. Flavors: r-devel-linux-x86_64-debian-clang, r-devel-linux-x86_64-debian-gcc, r-devel-linux-x86_64-fedora-clang, r-devel-linux-x86_64-fedora-gcc, r-devel-windows-x86_64, r-patched-linux-x86_64, r-release-linux-x86_64, r-release-macos-arm64, r-release-macos-x86_64, r-release-windows-x86_64, r-oldrel-macos-arm64, r-oldrel-macos-x86_64, r-oldrel-windows-x86_64

Version: 0.1.3
Check: installed package size
Result: NOTE installed size is 12.6Mb sub-directories of 1Mb or more: libs 11.5Mb Flavors: r-devel-linux-x86_64-fedora-clang, r-devel-windows-x86_64, r-release-macos-arm64, r-release-macos-x86_64, r-release-windows-x86_64, r-oldrel-macos-arm64, r-oldrel-macos-x86_64, r-oldrel-windows-x86_64