CRAN Package Check Results for Package pedometrics

Last updated on 2020-11-28 19:47:08 CET.

Flavor Version Tinstall Tcheck Ttotal Status Flags
r-devel-linux-x86_64-debian-clang 0.7.0 26.36 55.25 81.61 OK
r-devel-linux-x86_64-debian-gcc 0.7.0 20.67 43.32 63.99 OK
r-devel-linux-x86_64-fedora-clang 0.7.0 101.63 NOTE
r-devel-linux-x86_64-fedora-gcc 0.7.0 83.95 OK
r-devel-windows-ix86+x86_64 0.7.0 47.00 81.00 128.00 OK
r-patched-linux-x86_64 0.7.0 33.03 52.13 85.16 OK
r-patched-solaris-x86 0.7.0 104.30 OK
r-release-linux-x86_64 0.7.0 33.37 56.31 89.68 OK
r-release-macos-x86_64 0.7.0 OK
r-release-windows-ix86+x86_64 0.7.0 46.00 81.00 127.00 OK
r-oldrel-macos-x86_64 0.7.0 NOTE
r-oldrel-windows-ix86+x86_64 0.7.0 43.00 82.00 125.00 OK

Check Details

Version: 0.7.0
Check: Rd cross-references
Result: NOTE
    Undeclared packages ‘Hmisc’, ‘vcd’, ‘VecStatGraphs2D’, ‘mvtsplot’, ‘matrixStats’, ‘RandomFields’, ‘automap’, ‘spsann’ in Rd xrefs
Flavor: r-devel-linux-x86_64-fedora-clang

Version: 0.7.0
Check: dependencies in R code
Result: NOTE
    No protocol specified
    No protocol specified
Flavor: r-oldrel-macos-x86_64