CRAN Package Check Results for Package pdftools

Last updated on 2020-07-11 09:49:02 CEST.

Flavor Version Tinstall Tcheck Ttotal Status Flags
r-devel-linux-x86_64-debian-clang 2.3.1 23.39 31.01 54.40 OK
r-devel-linux-x86_64-debian-gcc 2.3.1 18.09 24.87 42.96 OK
r-devel-linux-x86_64-fedora-gcc 2.3.1 70.87 OK
r-devel-windows-ix86+x86_64 2.3.1 74.00 122.00 196.00 NOTE
r-patched-linux-x86_64 2.3.1 19.77 31.21 50.98 OK
r-patched-solaris-x86 2.3.1 87.80 NOTE
r-release-linux-x86_64 2.3.1 22.93 31.38 54.31 OK
r-release-osx-x86_64 2.3.1 NOTE
r-release-windows-ix86+x86_64 2.3.1 68.00 125.00 193.00 NOTE
r-oldrel-osx-x86_64 2.3.1 NOTE
r-oldrel-windows-ix86+x86_64 2.3.1 89.00 112.00 201.00 NOTE

Additional issues

valgrind

Check Details

Version: 2.3.1
Check: installed package size
Result: NOTE
     installed size is 25.8Mb
     sub-directories of 1Mb or more:
     libs 13.8Mb
     share 11.9Mb
Flavors: r-devel-windows-ix86+x86_64, r-release-osx-x86_64, r-release-windows-ix86+x86_64, r-oldrel-osx-x86_64, r-oldrel-windows-ix86+x86_64

Version: 2.3.1
Check: package dependencies
Result: NOTE
    Package suggested but not available for checking: ‘tesseract’
Flavor: r-patched-solaris-x86