CRAN Package Check Results for Package pdftools

Last updated on 2022-01-22 07:52:51 CET.

Flavor Version Tinstall Tcheck Ttotal Status Flags
r-devel-linux-x86_64-debian-clang 3.0.1 17.58 41.05 58.63 OK
r-devel-linux-x86_64-debian-gcc 3.0.1 18.83 32.86 51.69 OK
r-devel-linux-x86_64-fedora-clang 3.0.1 88.74 OK
r-devel-linux-x86_64-fedora-gcc 3.0.1 75.72 OK
r-devel-windows-x86_64-new-UL 3.0.1 580.00 154.00 734.00 NOTE
r-devel-windows-x86_64-new-TK 3.0.1 OK
r-patched-linux-x86_64 3.0.1 20.10 40.85 60.95 OK
r-release-linux-x86_64 3.0.1 20.86 39.67 60.53 OK
r-release-macos-arm64 3.0.1 NOTE
r-release-macos-x86_64 3.0.1 NOTE
r-release-windows-ix86+x86_64 3.0.1 71.00 112.00 183.00 NOTE
r-oldrel-macos-x86_64 3.0.1 NOTE
r-oldrel-windows-ix86+x86_64 3.0.1 71.00 112.00 183.00 NOTE

Check Details

Version: 3.0.1
Check: installed package size
Result: NOTE
     installed size is 19.6Mb
     sub-directories of 1Mb or more:
     libs 6.7Mb
     share 12.8Mb
Flavors: r-devel-windows-x86_64-new-UL, r-release-macos-arm64, r-release-macos-x86_64, r-release-windows-ix86+x86_64, r-oldrel-macos-x86_64, r-oldrel-windows-ix86+x86_64