CRAN Package Check Results for Package pda

Last updated on 2024-02-24 19:50:47 CET.

Flavor Version Tinstall Tcheck Ttotal Status Flags
r-devel-linux-x86_64-debian-clang 1.2.6 54.70 118.31 173.01 NOTE
r-devel-linux-x86_64-debian-gcc 1.2.6 42.91 86.97 129.88 NOTE
r-devel-linux-x86_64-fedora-clang 1.2.6 211.97 NOTE
r-devel-linux-x86_64-fedora-gcc 1.2.6 222.35 NOTE
r-devel-windows-x86_64 1.2.6 44.00 123.00 167.00 NOTE
r-patched-linux-x86_64 1.2.6 56.74 113.98 170.72 OK
r-release-linux-x86_64 1.2.6 57.15 114.28 171.43 OK
r-release-macos-arm64 1.2.6 62.00 OK
r-release-macos-x86_64 1.2.6 87.00 OK
r-release-windows-x86_64 1.2.6 57.00 138.00 195.00 OK
r-oldrel-macos-arm64 1.2.6 60.00 OK
r-oldrel-windows-x86_64 1.2.6 54.00 132.00 186.00 OK

Check Details

Version: 1.2.6
Check: Rd \usage sections
Result: NOTE Objects in \usage without \alias in Rd file 'ODACATH.estimate.Rd': ‘ODACAT.estimate’ Functions with \usage entries need to have the appropriate \alias entries, and all their arguments documented. The \usage entries must correspond to syntactically valid R code. See chapter ‘Writing R documentation files’ in the ‘Writing R Extensions’ manual. Flavors: r-devel-linux-x86_64-debian-clang, r-devel-linux-x86_64-debian-gcc, r-devel-linux-x86_64-fedora-clang, r-devel-linux-x86_64-fedora-gcc, r-devel-windows-x86_64