CRAN Package Check Results for Package pdSpecEst

Last updated on 2021-10-17 12:52:52 CEST.

Flavor Version Tinstall Tcheck Ttotal Status Flags
r-devel-linux-x86_64-debian-clang 1.2.4 90.03 83.65 173.68 NOTE
r-devel-linux-x86_64-debian-gcc 1.2.4 70.27 61.32 131.59 NOTE
r-devel-linux-x86_64-fedora-clang 1.2.4 277.26 NOTE
r-devel-linux-x86_64-fedora-gcc 1.2.4 254.37 NOTE
r-devel-windows-x86_64 1.2.4 126.00 132.00 258.00 NOTE
r-devel-windows-x86_64-gcc10-UCRT 1.2.4 NOTE
r-patched-linux-x86_64 1.2.4 90.32 82.45 172.77 NOTE
r-patched-solaris-x86 1.2.4 206.70 NOTE
r-release-linux-x86_64 1.2.4 87.47 81.96 169.43 NOTE
r-release-macos-arm64 1.2.4 NOTE
r-release-macos-x86_64 1.2.4 NOTE
r-release-windows-ix86+x86_64 1.2.4 171.00 151.00 322.00 NOTE
r-oldrel-macos-x86_64 1.2.4 NOTE
r-oldrel-windows-ix86+x86_64 1.2.4 242.00 151.00 393.00 OK

Check Details

Version: 1.2.4
Check: LazyData
Result: NOTE
     'LazyData' is specified without a 'data' directory
Flavors: r-devel-linux-x86_64-debian-clang, r-devel-linux-x86_64-debian-gcc, r-devel-linux-x86_64-fedora-clang, r-devel-linux-x86_64-fedora-gcc, r-devel-windows-x86_64, r-devel-windows-x86_64-gcc10-UCRT, r-patched-linux-x86_64, r-patched-solaris-x86, r-release-linux-x86_64, r-release-macos-arm64, r-release-macos-x86_64, r-release-windows-ix86+x86_64

Version: 1.2.4
Check: installed package size
Result: NOTE
     installed size is 6.4Mb
     sub-directories of 1Mb or more:
     libs 5.4Mb
Flavors: r-devel-linux-x86_64-fedora-clang, r-release-macos-arm64, r-release-macos-x86_64, r-oldrel-macos-x86_64