CRAN Package Check Results for Package pbmcapply

Last updated on 2021-10-16 20:50:52 CEST.

Flavor Version Tinstall Tcheck Ttotal Status Flags
r-devel-linux-x86_64-debian-clang 1.5.0 2.69 21.64 24.33 NOTE
r-devel-linux-x86_64-debian-gcc 1.5.0 2.15 17.35 19.50 NOTE
r-devel-linux-x86_64-fedora-clang 1.5.0 40.09 NOTE
r-devel-linux-x86_64-fedora-gcc 1.5.0 29.79 NOTE
r-devel-windows-x86_64 1.5.0 5.00 34.00 39.00 NOTE
r-devel-windows-x86_64-gcc10-UCRT 1.5.0 NOTE
r-patched-linux-x86_64 1.5.0 2.76 21.32 24.08 NOTE
r-patched-solaris-x86 1.5.0 48.80 NOTE
r-release-linux-x86_64 1.5.0 2.59 21.27 23.86 NOTE
r-release-macos-arm64 1.5.0 NOTE
r-release-macos-x86_64 1.5.0 NOTE
r-release-windows-ix86+x86_64 1.5.0 9.00 44.00 53.00 NOTE
r-oldrel-macos-x86_64 1.5.0 OK
r-oldrel-windows-ix86+x86_64 1.5.0 7.00 41.00 48.00 OK

Check Details

Version: 1.5.0
Check: LazyData
Result: NOTE
     'LazyData' is specified without a 'data' directory
Flavors: r-devel-linux-x86_64-debian-clang, r-devel-linux-x86_64-debian-gcc, r-devel-linux-x86_64-fedora-clang, r-devel-linux-x86_64-fedora-gcc, r-devel-windows-x86_64, r-devel-windows-x86_64-gcc10-UCRT, r-patched-linux-x86_64, r-patched-solaris-x86, r-release-linux-x86_64, r-release-macos-arm64, r-release-macos-x86_64, r-release-windows-ix86+x86_64