CRAN Package Check Results for Package pbdSLAP

Last updated on 2020-11-26 20:51:45 CET.

Flavor Version Tinstall Tcheck Ttotal Status Flags
r-devel-linux-x86_64-debian-clang 0.3-0 230.89 53.13 284.02 OK
r-devel-linux-x86_64-debian-gcc 0.3-0 178.91 46.59 225.50 OK
r-devel-linux-x86_64-fedora-clang 0.3-0 264.34 NOTE
r-devel-linux-x86_64-fedora-gcc 0.3-0 255.46 OK
r-devel-windows-ix86+x86_64 0.3-0 493.00 105.00 598.00 NOTE
r-patched-linux-x86_64 0.3-0 255.45 56.40 311.85 OK
r-patched-solaris-x86 0.3-0 302.60 NOTE
r-release-linux-x86_64 0.3-0 257.91 52.05 309.96 OK
r-release-macos-x86_64 0.3-0 ERROR
r-release-windows-ix86+x86_64 0.3-0 404.00 75.00 479.00 NOTE
r-oldrel-macos-x86_64 0.3-0 ERROR
r-oldrel-windows-ix86+x86_64 0.3-0 446.00 83.00 529.00 NOTE

Additional issues

gcc11

Check Details

Version: 0.3-0
Check: installed package size
Result: NOTE
     installed size is 10.5Mb
     sub-directories of 1Mb or more:
     lib 10.0Mb
Flavors: r-devel-linux-x86_64-fedora-clang, r-devel-windows-ix86+x86_64, r-patched-solaris-x86, r-release-windows-ix86+x86_64, r-oldrel-windows-ix86+x86_64

Version: 0.3-0
Check: package dependencies
Result: ERROR
    Package required but not available: ‘pbdMPI’
    
    See section ‘The DESCRIPTION file’ in the ‘Writing R Extensions’
    manual.
Flavors: r-release-macos-x86_64, r-oldrel-macos-x86_64