CRAN Package Check Results for Package pbdMPI

Last updated on 2020-12-01 19:48:23 CET.

Flavor Version Tinstall Tcheck Ttotal Status Flags
r-devel-linux-x86_64-debian-clang 0.4-3 23.03 81.51 104.54 OK
r-devel-linux-x86_64-debian-gcc 0.4-3 12.57 62.70 75.27 OK
r-devel-linux-x86_64-fedora-clang 0.4-3 121.44 OK
r-devel-linux-x86_64-fedora-gcc 0.4-3 112.73 OK
r-devel-windows-ix86+x86_64 0.4-3 57.00 90.00 147.00 OK
r-patched-linux-x86_64 0.4-3 22.57 81.05 103.62 OK
r-patched-solaris-x86 0.4-3 194.90 OK
r-release-linux-x86_64 0.4-3 16.00 78.62 94.62 OK
r-release-macos-x86_64 0.4-3 ERROR
r-release-windows-ix86+x86_64 0.4-3 47.00 90.00 137.00 OK
r-oldrel-macos-x86_64 0.4-3 ERROR
r-oldrel-windows-ix86+x86_64 0.4-3 67.00 93.00 160.00 OK

Check Details

Version: 0.4-3
Check: package dependencies
Result: NOTE
    Package which this enhances but not available for checking: ‘pbdPROF’
Flavors: r-release-macos-x86_64, r-oldrel-macos-x86_64

Version: 0.4-3
Check: whether package can be installed
Result: ERROR
    Installation failed.
Flavors: r-release-macos-x86_64, r-oldrel-macos-x86_64