CRAN Package Check Results for Package pavo

Last updated on 2020-09-19 20:48:02 CEST.

Flavor Version Tinstall Tcheck Ttotal Status Flags
r-devel-linux-x86_64-debian-clang 2.4.0 18.08 271.58 289.66 OK
r-devel-linux-x86_64-debian-gcc 2.4.0 13.01 191.19 204.20 OK
r-devel-linux-x86_64-fedora-clang 2.4.0 371.05 NOTE
r-devel-linux-x86_64-fedora-gcc 2.4.0 336.91 OK
r-devel-windows-ix86+x86_64 2.4.0 24.00 293.00 317.00 OK
r-patched-linux-x86_64 2.4.0 18.42 258.95 277.37 OK
r-patched-solaris-x86 2.4.0 443.70 NOTE
r-release-linux-x86_64 2.4.0 17.92 262.01 279.93 OK
r-release-macos-x86_64 2.4.0 OK
r-release-windows-ix86+x86_64 2.4.0 25.00 290.00 315.00 OK
r-oldrel-macos-x86_64 2.4.0 NOTE
r-oldrel-windows-ix86+x86_64 2.4.0 16.00 270.00 286.00 OK

Check Details

Version: 2.4.0
Check: Rd cross-references
Result: NOTE
    Undeclared package ‘future’ in Rd xrefs
Flavor: r-devel-linux-x86_64-fedora-clang

Version: 2.4.0
Check: installed package size
Result: NOTE
     installed size is 5.6Mb
     sub-directories of 1Mb or more:
     doc 2.3Mb
     testdata 1.8Mb
Flavor: r-patched-solaris-x86

Version: 2.4.0
Check: dependencies in R code
Result: NOTE
    No protocol specified
Flavor: r-oldrel-macos-x86_64