CRAN Package Check Results for Package patternize

Last updated on 2024-02-21 19:53:22 CET.

Flavor Version Tinstall Tcheck Ttotal Status Flags
r-devel-linux-x86_64-debian-clang 0.0.5 NOTE
r-devel-linux-x86_64-debian-gcc 0.0.5 44.76 329.80 374.56 NOTE
r-devel-linux-x86_64-fedora-clang 0.0.5 433.26 NOTE
r-devel-linux-x86_64-fedora-gcc 0.0.5 598.51 NOTE
r-devel-windows-x86_64 0.0.5 44.00 280.00 324.00 OK
r-patched-linux-x86_64 0.0.5 47.96 433.74 481.70 OK
r-release-linux-x86_64 0.0.5 37.34 431.89 469.23 OK
r-release-macos-arm64 0.0.5 140.00 OK
r-release-macos-x86_64 0.0.5 314.00 OK
r-release-windows-x86_64 0.0.5 60.00 380.00 440.00 OK
r-oldrel-macos-arm64 0.0.5 127.00 OK
r-oldrel-windows-x86_64 0.0.5 62.00 363.00 425.00 OK

Check Details

Version: 0.0.5
Check: Rd files
Result: NOTE checkRd: (-1) plotHeat.Rd:113: Lost braces 113 | code{\link[patternize]{patPCA}}, as 'one' when visualizing single image or as 'multi' for multi | ^ Flavors: r-devel-linux-x86_64-debian-clang, r-devel-linux-x86_64-debian-gcc, r-devel-linux-x86_64-fedora-clang, r-devel-linux-x86_64-fedora-gcc