CRAN Package Check Results for Package pathlit

Last updated on 2024-02-26 19:50:16 CET.

Flavor Version Tinstall Tcheck Ttotal Status Flags
r-devel-linux-x86_64-debian-clang 0.1.0 5.50 48.23 53.73 OK
r-devel-linux-x86_64-debian-gcc 0.1.0 4.28 36.28 40.56 OK
r-devel-linux-x86_64-fedora-clang 0.1.0 65.06 NOTE
r-devel-linux-x86_64-fedora-gcc 0.1.0 64.15 NOTE
r-devel-windows-x86_64 0.1.0 6.00 53.00 59.00 OK
r-patched-linux-x86_64 0.1.0 3.61 45.90 49.51 OK
r-release-linux-x86_64 0.1.0 3.31 45.90 49.21 OK
r-release-macos-arm64 0.1.0 24.00 OK
r-release-macos-x86_64 0.1.0 37.00 OK
r-release-windows-x86_64 0.1.0 7.00 60.00 67.00 OK
r-oldrel-macos-arm64 0.1.0 23.00 NOTE
r-oldrel-windows-x86_64 0.1.0 8.00 63.00 71.00 OK

Check Details

Version: 0.1.0
Check: dependencies in R code
Result: NOTE Namespaces in Imports field not imported from: ‘testthat’ ‘usethis’ ‘utils’ All declared Imports should be used. Flavors: r-devel-linux-x86_64-fedora-clang, r-devel-linux-x86_64-fedora-gcc, r-oldrel-macos-arm64