CRAN Package Check Results for Package pathlit

Last updated on 2023-06-05 21:59:14 CEST.

Flavor Version Tinstall Tcheck Ttotal Status Flags
r-devel-linux-x86_64-debian-clang 0.1.0 5.30 48.17 53.47 OK
r-devel-linux-x86_64-debian-gcc 0.1.0 4.61 37.83 42.44 OK
r-devel-linux-x86_64-fedora-clang 0.1.0 67.36 NOTE
r-devel-linux-x86_64-fedora-gcc 0.1.0 64.15 NOTE
r-devel-windows-x86_64 0.1.0 6.00 54.00 60.00 OK
r-patched-linux-x86_64 0.1.0 5.85 46.66 52.51 OK
r-release-linux-x86_64 0.1.0 3.58 46.61 50.19 OK
r-release-macos-arm64 0.1.0 24.00 OK
r-release-macos-x86_64 0.1.0 37.00 OK
r-release-windows-x86_64 0.1.0 10.00 61.00 71.00 OK
r-oldrel-macos-arm64 0.1.0 23.00 NOTE
r-oldrel-macos-x86_64 0.1.0 38.00 NOTE
r-oldrel-windows-x86_64 0.1.0 8.00 63.00 71.00 OK

Check Details

Version: 0.1.0
Check: dependencies in R code
Result: NOTE
    Namespaces in Imports field not imported from:
     ‘testthat’ ‘usethis’ ‘utils’
     All declared Imports should be used.
Flavors: r-devel-linux-x86_64-fedora-clang, r-devel-linux-x86_64-fedora-gcc, r-oldrel-macos-arm64, r-oldrel-macos-x86_64