CRAN Package Check Results for Package pathfindR

Last updated on 2021-10-26 08:10:11 CEST.

Flavor Version Tinstall Tcheck Ttotal Status Flags
r-devel-linux-x86_64-debian-clang 1.6.2 10.90 370.22 381.12 OK
r-devel-linux-x86_64-debian-gcc 1.6.2 8.85 277.70 286.55 OK
r-devel-linux-x86_64-fedora-clang 1.6.2 452.66 OK
r-devel-linux-x86_64-fedora-gcc 1.6.2 441.09 OK
r-devel-windows-x86_64 1.6.2 19.00 496.00 515.00 OK
r-devel-windows-x86_64-gcc10-UCRT 1.6.2 OK
r-patched-linux-x86_64 1.6.2 10.83 367.46 378.29 OK
r-release-linux-x86_64 1.6.2 10.78 368.10 378.88 OK
r-release-macos-arm64 1.6.2 OK
r-release-macos-x86_64 1.6.2 ERROR
r-release-windows-ix86+x86_64 1.6.2 21.00 392.00 413.00 OK
r-oldrel-macos-x86_64 1.6.2 ERROR
r-oldrel-windows-ix86+x86_64 1.6.2 27.00 459.00 486.00 OK

Check Details

Version: 1.6.2
Check: package dependencies
Result: ERROR
    Packages required but not available: 'org.Hs.eg.db', 'KEGGgraph'
    
    See section ‘The DESCRIPTION file’ in the ‘Writing R Extensions’
    manual.
Flavor: r-release-macos-x86_64

Version: 1.6.2
Check: package dependencies
Result: ERROR
    Packages required but not available: 'KEGGREST', 'KEGGgraph'
    
    See section ‘The DESCRIPTION file’ in the ‘Writing R Extensions’
    manual.
Flavor: r-oldrel-macos-x86_64