CRAN Package Check Results for Package pathfindR.data

Last updated on 2021-09-22 08:50:22 CEST.

Flavor Version Tinstall Tcheck Ttotal Status Flags
r-devel-linux-x86_64-debian-clang 1.1.2 19.53 29.35 48.88 OK
r-devel-linux-x86_64-debian-gcc 1.1.2 18.46 23.19 41.65 OK
r-devel-linux-x86_64-fedora-clang 1.1.2 76.02 NOTE
r-devel-linux-x86_64-fedora-gcc 1.1.2 65.70 NOTE
r-devel-windows-x86_64 1.1.2 29.00 31.00 60.00 OK
r-devel-windows-x86_64-gcc10-UCRT 1.1.2 ERROR
r-patched-linux-x86_64 1.1.2 20.70 28.50 49.20 OK
r-patched-solaris-x86 1.1.2 117.40 NOTE
r-release-linux-x86_64 1.1.2 20.63 29.04 49.67 OK
r-release-macos-arm64 1.1.2 NOTE
r-release-macos-x86_64 1.1.2 NOTE
r-release-windows-ix86+x86_64 1.1.2 42.00 32.00 74.00 OK
r-oldrel-macos-x86_64 1.1.2 NOTE
r-oldrel-windows-ix86+x86_64 1.1.2 27.00 32.00 59.00 OK

Check Details

Version: 1.1.2
Check: Rd cross-references
Result: NOTE
    Undeclared package ‘pathfindR’ in Rd xrefs
Flavor: r-devel-linux-x86_64-fedora-clang

Version: 1.1.2
Check: data for non-ASCII characters
Result: NOTE
     Note: found 1 marked UTF-8 string
Flavors: r-devel-linux-x86_64-fedora-clang, r-devel-linux-x86_64-fedora-gcc, r-devel-windows-x86_64-gcc10-UCRT, r-patched-solaris-x86, r-release-macos-arm64, r-release-macos-x86_64, r-oldrel-macos-x86_64

Version: 1.1.2
Check: Rd cross-references
Result: NOTE
    Package unavailable to check Rd xrefs: 'pathfindR'
Flavors: r-devel-windows-x86_64-gcc10-UCRT, r-release-macos-arm64, r-release-macos-x86_64, r-oldrel-macos-x86_64

Version: 1.1.2
Check: PDF version of manual
Result: WARN
    LaTeX errors when creating PDF version.
    This typically indicates Rd problems.
Flavor: r-devel-windows-x86_64-gcc10-UCRT

Version: 1.1.2
Check: PDF version of manual without hyperrefs or index
Result: ERROR
    Re-running with no redirection of stdout/stderr.
Flavor: r-devel-windows-x86_64-gcc10-UCRT