Last updated on 2023-03-30 20:49:19 CEST.
Flavor | Version | Tinstall | Tcheck | Ttotal | Status | Flags |
---|---|---|---|---|---|---|
r-devel-linux-x86_64-debian-clang | 1.3.21 | 10.61 | 57.83 | 68.44 | NOTE | |
r-devel-linux-x86_64-debian-gcc | 1.3.21 | 7.67 | 44.01 | 51.68 | NOTE | |
r-devel-linux-x86_64-fedora-clang | 1.3.21 | 82.64 | NOTE | |||
r-devel-linux-x86_64-fedora-gcc | 1.3.21 | 78.38 | NOTE | |||
r-devel-windows-x86_64 | 1.3.21 | 54.00 | 0.00 | 54.00 | NOTE | |
r-patched-linux-x86_64 | 1.3.21 | 12.59 | 55.66 | 68.25 | NOTE | |
r-release-linux-x86_64 | 1.3.21 | 9.87 | 54.63 | 64.50 | OK | |
r-release-macos-arm64 | 1.3.21 | 24.00 | OK | |||
r-release-macos-x86_64 | 1.3.21 | 36.00 | OK | |||
r-release-windows-x86_64 | 1.3.21 | 60.00 | 93.00 | 153.00 | OK | |
r-oldrel-macos-arm64 | 1.3.21 | 29.00 | OK | |||
r-oldrel-macos-x86_64 | 1.3.21 | 52.00 | OK | |||
r-oldrel-windows-ix86+x86_64 | 1.3.21 | 15.00 | 82.00 | 97.00 | OK |
Version: 1.3.21
Check: Rd files
Result: NOTE
checkRd: (-1) regul.Rd:52: Escaped LaTeX specials: \# \# \#
checkRd: (-1) regul.Rd:52: Escaped LaTeX specials: \#
Flavors: r-devel-linux-x86_64-debian-clang, r-devel-linux-x86_64-debian-gcc, r-devel-linux-x86_64-fedora-clang, r-devel-linux-x86_64-fedora-gcc, r-devel-windows-x86_64, r-patched-linux-x86_64