Last updated on 2023-11-28 07:53:11 CET.
Flavor | Version | Tinstall | Tcheck | Ttotal | Status | Flags |
---|---|---|---|---|---|---|
r-devel-linux-x86_64-debian-clang | 1.2-20 | 15.74 | 359.52 | 375.26 | OK | |
r-devel-linux-x86_64-debian-gcc | 1.2-20 | 12.70 | 268.52 | 281.22 | OK | |
r-devel-linux-x86_64-fedora-clang | 1.2-20 | 466.03 | OK | |||
r-devel-linux-x86_64-fedora-gcc | 1.2-20 | 464.98 | OK | |||
r-devel-windows-x86_64 | 1.2-20 | 16.00 | 370.00 | 386.00 | OK | |
r-patched-linux-x86_64 | 1.2-20 | 19.04 | 344.23 | 363.27 | OK | |
r-release-linux-x86_64 | 1.2-20 | 16.05 | 342.35 | 358.40 | OK | |
r-release-macos-arm64 | 1.2-20 | 168.00 | OK | |||
r-release-macos-x86_64 | 1.2-20 | 363.00 | OK | |||
r-release-windows-x86_64 | 1.2-20 | 22.00 | 406.00 | 428.00 | OK | |
r-oldrel-macos-arm64 | 1.2-20 | 147.00 | NOTE | |||
r-oldrel-macos-x86_64 | 1.2-20 | 183.00 | NOTE | |||
r-oldrel-windows-x86_64 | 1.2-20 | 22.00 | 408.00 | 430.00 | NOTE |
Version: 1.2-20
Check: running R code from vignettes
Result: NOTE
‘constparty.Rnw’... [3s/3s] OK
‘ctree.Rnw’ using ‘UTF-8’... [4s/4s] NOTE
differences from ‘ctree.Rout.save’
1409,1412d1408
< Deviance Residuals:
< Min 1Q Median 3Q Max
< -45.801 -11.208 -1.049 10.903 53.615
<
‘mob.Rnw’... [5s/5s] OK
‘partykit.Rnw’... [1s/1s] OK
Flavor: r-oldrel-macos-arm64
Version: 1.2-20
Check: running R code from vignettes
Result: NOTE
‘constparty.Rnw’... [5s/5s] OK
‘ctree.Rnw’ using ‘UTF-8’... [5s/5s] NOTE
differences from ‘ctree.Rout.save’
1409,1412d1408
< Deviance Residuals:
< Min 1Q Median 3Q Max
< -45.801 -11.208 -1.049 10.903 53.615
<
‘mob.Rnw’... [7s/7s] OK
‘partykit.Rnw’... [2s/2s] OK
Flavor: r-oldrel-macos-x86_64
Version: 1.2-20
Check: running R code from vignettes
Result: NOTE
'ctree.Rnw' using 'UTF-8'... [11s] NOTE
differences from 'ctree.Rout.save'
1409,1412d1408
< Deviance Residuals:
< Min 1Q Median 3Q Max
< -45.801 -11.208 -1.049 10.903 53.615
<
'partykit.Rnw'... [3s] OK
Flavor: r-oldrel-windows-x86_64