Last updated on 2023-11-30 08:50:03 CET.
Flavor | Version | Tinstall | Tcheck | Ttotal | Status | Flags |
---|---|---|---|---|---|---|
r-devel-linux-x86_64-debian-clang | 1.3-13 | 22.22 | 211.82 | 234.04 | WARN | |
r-devel-linux-x86_64-debian-gcc | 1.3-14 | 18.64 | 159.56 | 178.20 | OK | |
r-devel-linux-x86_64-fedora-clang | 1.3-14 | 308.56 | OK | |||
r-devel-linux-x86_64-fedora-gcc | 1.3-14 | 313.35 | OK | |||
r-devel-windows-x86_64 | 1.3-14 | 26.00 | 211.00 | 237.00 | OK | |
r-patched-linux-x86_64 | 1.3-14 | 24.54 | 206.21 | 230.75 | OK | |
r-release-linux-x86_64 | 1.3-13 | 22.11 | 203.32 | 225.43 | OK | |
r-release-macos-arm64 | 1.3-14 | 101.00 | OK | |||
r-release-macos-x86_64 | 1.3-13 | 164.00 | OK | |||
r-release-windows-x86_64 | 1.3-14 | 32.00 | 248.00 | 280.00 | OK | |
r-oldrel-macos-arm64 | 1.3-14 | 95.00 | OK | |||
r-oldrel-macos-x86_64 | 1.3-13 | 120.00 | OK | |||
r-oldrel-windows-x86_64 | 1.3-14 | 32.00 | 241.00 | 273.00 | OK |
Version: 1.3-13
Check: whether package can be installed
Result: WARN
Found the following significant warnings:
RandomForest.c:75:51: warning: format specifies type 'double' but the argument has type 'int' [-Wformat]
See ‘/home/hornik/tmp/R.check/r-devel-clang/Work/PKGS/party.Rcheck/00install.out’ for details.
* used C compiler: ‘Debian clang version 17.0.5 (1)’
Flavor: r-devel-linux-x86_64-debian-clang