CRAN Package Check Results for Package party

Last updated on 2024-07-14 09:51:19 CEST.

Flavor Version Tinstall Tcheck Ttotal Status Flags
r-devel-linux-x86_64-debian-clang 1.3-15 23.97 214.45 238.42 OK
r-devel-linux-x86_64-debian-gcc 1.3-15 17.71 160.60 178.31 OK
r-devel-linux-x86_64-fedora-clang 1.3-15 296.68 OK
r-devel-linux-x86_64-fedora-gcc 1.3-15 309.05 OK
r-devel-windows-x86_64 1.3-15 27.00 217.00 244.00 NOTE
r-patched-linux-x86_64 1.3-15 25.84 203.31 229.15 OK
r-release-linux-x86_64 1.3-15 20.41 207.00 227.41 OK
r-release-macos-arm64 1.3-15 94.00 OK
r-release-macos-x86_64 1.3-15 151.00 OK
r-release-windows-x86_64 1.3-15 25.00 221.00 246.00 OK
r-oldrel-macos-arm64 1.3-15 101.00 OK
r-oldrel-macos-x86_64 1.3-15 232.00 OK
r-oldrel-windows-x86_64 1.3-15 31.00 242.00 273.00 OK

Check Details

Version: 1.3-15
Check: Rd cross-references
Result: NOTE Found the following Rd file(s) with Rd \link{} targets missing package anchors: RandomForest-class.Rd: ModelEnv-class mob.Rd: StatModel-class Please provide package anchors for all Rd \link{} targets not in the package itself and the base packages. Flavor: r-devel-windows-x86_64