CRAN Package Check Results for Package partition

Last updated on 2021-10-26 08:10:11 CEST.

Flavor Version Tinstall Tcheck Ttotal Status Flags
r-devel-linux-x86_64-debian-clang 0.1.4 93.72 295.22 388.94 OK
r-devel-linux-x86_64-debian-gcc 0.1.4 72.51 210.51 283.02 OK
r-devel-linux-x86_64-fedora-clang 0.1.4 514.09 NOTE
r-devel-linux-x86_64-fedora-gcc 0.1.4 488.60 OK
r-devel-windows-x86_64 0.1.4 135.00 390.00 525.00 OK
r-devel-windows-x86_64-gcc10-UCRT 0.1.4 OK
r-patched-linux-x86_64 0.1.4 90.94 283.55 374.49 OK
r-patched-solaris-x86 0.1.4 269.30 OK
r-release-linux-x86_64 0.1.4 89.14 277.31 366.45 OK
r-release-macos-arm64 0.1.4 NOTE
r-release-macos-x86_64 0.1.4 NOTE
r-release-windows-ix86+x86_64 0.1.4 186.00 443.00 629.00 NOTE
r-oldrel-macos-x86_64 0.1.4 NOTE
r-oldrel-windows-ix86+x86_64 0.1.4 259.00 452.00 711.00 NOTE

Check Details

Version: 0.1.4
Check: installed package size
Result: NOTE
     installed size is 6.0Mb
     sub-directories of 1Mb or more:
     doc 1.2Mb
     libs 3.6Mb
Flavors: r-devel-linux-x86_64-fedora-clang, r-release-macos-arm64, r-release-macos-x86_64, r-release-windows-ix86+x86_64, r-oldrel-macos-x86_64, r-oldrel-windows-ix86+x86_64