CRAN Package Check Results for Package parsnip

Last updated on 2022-01-22 07:52:51 CET.

Flavor Version Tinstall Tcheck Ttotal Status Flags
r-devel-linux-x86_64-debian-clang 0.1.7 15.92 217.33 233.25 OK
r-devel-linux-x86_64-debian-gcc 0.1.7 12.95 163.99 176.94 OK
r-devel-linux-x86_64-fedora-clang 0.1.7 268.35 NOTE
r-devel-linux-x86_64-fedora-gcc 0.1.7 291.59 OK
r-devel-windows-x86_64-new-UL 0.1.7 180.00 261.00 441.00 OK
r-devel-windows-x86_64-new-TK 0.1.7 OK
r-patched-linux-x86_64 0.1.7 15.47 200.75 216.22 OK
r-release-linux-x86_64 0.1.7 14.72 198.74 213.46 OK
r-release-macos-arm64 0.1.7 OK
r-release-macos-x86_64 0.1.7 OK
r-release-windows-ix86+x86_64 0.1.7 29.00 245.00 274.00 OK
r-oldrel-macos-x86_64 0.1.7 OK
r-oldrel-windows-ix86+x86_64 0.1.7 29.00 239.00 268.00 OK

Check Details

Version: 0.1.7
Check: Rd cross-references
Result: NOTE
    Undeclared packages ‘glmnet’, ‘rstan’, ‘rstanarm’, ‘discrim’, ‘devtools’, ‘broom’ in Rd xrefs
Flavor: r-devel-linux-x86_64-fedora-clang