CRAN Package Check Results for Package parsec

Last updated on 2020-07-14 09:50:42 CEST.

Flavor Version Tinstall Tcheck Ttotal Status Flags
r-devel-linux-x86_64-debian-clang 1.2.3 5.92 64.92 70.84 OK
r-devel-linux-x86_64-debian-gcc 1.2.3 5.20 49.18 54.38 OK
r-devel-linux-x86_64-fedora-clang 1.2.3 91.48 OK
r-devel-linux-x86_64-fedora-gcc 1.2.3 86.30 OK
r-devel-windows-ix86+x86_64 1.2.3 25.00 145.00 170.00 OK
r-patched-linux-x86_64 1.2.3 5.35 64.63 69.98 OK
r-patched-solaris-x86 1.2.3 122.60 OK
r-release-linux-x86_64 1.2.3 6.36 64.73 71.09 OK
r-release-macos-x86_64 1.2.3 ERROR
r-release-windows-ix86+x86_64 1.2.3 20.00 117.00 137.00 OK
r-oldrel-macos-x86_64 1.2.3 OK
r-oldrel-windows-ix86+x86_64 1.2.3 15.00 153.00 168.00 OK

Check Details

Version: 1.2.3
Check: whether package can be installed
Result: ERROR
    Installation failed.
Flavor: r-release-macos-x86_64