CRAN Package Check Results for Package paropt

Last updated on 2024-02-21 19:53:22 CET.

Flavor Version Tinstall Tcheck Ttotal Status Flags
r-devel-linux-x86_64-debian-clang 0.3.2 OK
r-devel-linux-x86_64-debian-gcc 0.3.2 77.05 49.20 126.25 OK
r-devel-linux-x86_64-fedora-clang 0.3.2 236.83 OK
r-devel-linux-x86_64-fedora-gcc 0.3.2 260.04 OK
r-devel-windows-x86_64 0.3.2 82.00 93.00 175.00 OK
r-patched-linux-x86_64 0.3.2 100.28 65.58 165.86 OK
r-release-linux-x86_64 0.3.2 96.01 65.36 161.37 OK
r-release-macos-arm64 0.3.2 54.00 NOTE
r-release-macos-x86_64 0.3.2 83.00 NOTE
r-release-windows-x86_64 0.3.2 105.00 109.00 214.00 OK
r-oldrel-macos-arm64 0.3.2 54.00 NOTE
r-oldrel-windows-x86_64 0.3.2 102.00 110.00 212.00 OK

Check Details

Version: 0.3.2
Check: installed package size
Result: NOTE installed size is 5.7Mb sub-directories of 1Mb or more: libs 4.1Mb Flavors: r-release-macos-arm64, r-release-macos-x86_64, r-oldrel-macos-arm64