CRAN Package Check Results for Package parmsurvfit

Last updated on 2023-06-01 21:53:02 CEST.

Flavor Version Tinstall Tcheck Ttotal Status Flags
r-devel-linux-x86_64-debian-clang 0.1.0 12.82 110.39 123.21 OK
r-devel-linux-x86_64-debian-gcc 0.1.0 9.88 84.42 94.30 OK
r-devel-linux-x86_64-fedora-clang 0.1.0 153.43 NOTE
r-devel-linux-x86_64-fedora-gcc 0.1.0 154.86 NOTE
r-devel-windows-x86_64 0.1.0 13.00 96.00 109.00 OK
r-patched-linux-x86_64 0.1.0 OK
r-release-linux-x86_64 0.1.0 7.55 104.16 111.71 OK
r-release-macos-arm64 0.1.0 43.00 OK
r-release-macos-x86_64 0.1.0 84.00 OK
r-release-windows-x86_64 0.1.0 15.00 115.00 130.00 OK
r-oldrel-macos-arm64 0.1.0 34.00 NOTE
r-oldrel-macos-x86_64 0.1.0 86.00 NOTE
r-oldrel-windows-x86_64 0.1.0 14.00 118.00 132.00 OK

Check Details

Version: 0.1.0
Check: dependencies in R code
Result: NOTE
    Namespace in Imports field not imported from: ‘flexsurv’
     All declared Imports should be used.
Flavors: r-devel-linux-x86_64-fedora-clang, r-devel-linux-x86_64-fedora-gcc, r-oldrel-macos-arm64, r-oldrel-macos-x86_64