Last updated on 2022-07-04 21:49:48 CEST.
Flavor | Version | Tinstall | Tcheck | Ttotal | Status | Flags |
---|---|---|---|---|---|---|
r-devel-linux-x86_64-debian-clang | 2.1.4 | 10.17 | 96.17 | 106.34 | OK | |
r-devel-linux-x86_64-debian-gcc | 2.1.4 | 8.46 | 69.86 | 78.32 | OK | |
r-devel-linux-x86_64-fedora-clang | 2.1.4 | 132.58 | WARN | |||
r-devel-linux-x86_64-fedora-gcc | 2.1.4 | 130.25 | WARN | |||
r-devel-windows-x86_64 | 2.1.4 | 21.00 | 114.00 | 135.00 | OK | |
r-patched-linux-x86_64 | 2.1.4 | 9.46 | 90.07 | 99.53 | OK | |
r-release-linux-x86_64 | 2.1.4 | 6.51 | 88.05 | 94.56 | OK | |
r-release-macos-arm64 | 2.1.4 | 35.00 | OK | |||
r-release-macos-x86_64 | 2.1.4 | 60.00 | OK | |||
r-release-windows-x86_64 | 2.1.4 | 22.00 | 106.00 | 128.00 | OK | |
r-oldrel-macos-arm64 | 2.1.4 | 41.00 | OK | |||
r-oldrel-macos-x86_64 | 2.1.4 | 49.00 | OK | |||
r-oldrel-windows-ix86+x86_64 | 2.1.4 | 25.00 | 112.00 | 137.00 | OK |
Version: 2.1.4
Check: package dependencies
Result: WARN
Requires (indirectly) orphaned package: ‘gtools’
Flavors: r-devel-linux-x86_64-fedora-clang, r-devel-linux-x86_64-fedora-gcc