CRAN Package Check Results for Package parallelly

Last updated on 2023-12-01 07:50:13 CET.

Flavor Version Tinstall Tcheck Ttotal Status Flags
r-devel-linux-x86_64-debian-clang 1.36.0 5.56 58.21 63.77 NOTE
r-devel-linux-x86_64-debian-gcc 1.36.0 4.05 43.70 47.75 NOTE
r-devel-linux-x86_64-fedora-clang 1.36.0 80.18 NOTE
r-devel-linux-x86_64-fedora-gcc 1.36.0 77.22 NOTE
r-devel-windows-x86_64 1.36.0 10.00 111.00 121.00 NOTE
r-patched-linux-x86_64 1.36.0 6.39 56.13 62.52 OK
r-release-linux-x86_64 1.36.0 5.08 55.46 60.54 OK
r-release-macos-arm64 1.36.0 40.00 OK
r-release-macos-x86_64 1.36.0 84.00 OK
r-release-windows-x86_64 1.36.0 9.00 118.00 127.00 OK
r-oldrel-macos-arm64 1.36.0 44.00 OK
r-oldrel-macos-x86_64 1.36.0 71.00 OK
r-oldrel-windows-x86_64 1.36.0 12.00 109.00 121.00 OK

Check Details

Version: 1.36.0
Check: Rd \usage sections
Result: NOTE Documented arguments not in \usage in Rd file 'getOption2.Rd': ‘envvar’ Functions with \usage entries need to have the appropriate \alias entries, and all their arguments documented. The \usage entries must correspond to syntactically valid R code. See chapter ‘Writing R documentation files’ in the ‘Writing R Extensions’ manual. Flavors: r-devel-linux-x86_64-debian-clang, r-devel-linux-x86_64-debian-gcc, r-devel-linux-x86_64-fedora-clang, r-devel-linux-x86_64-fedora-gcc, r-devel-windows-x86_64