CRAN Package Check Results for Package parallelPlot

Last updated on 2021-09-20 20:48:56 CEST.

Flavor Version Tinstall Tcheck Ttotal Status Flags
r-devel-linux-x86_64-debian-clang 0.1.0 2.82 31.21 34.03 NOTE
r-devel-linux-x86_64-debian-gcc 0.1.0 2.07 24.73 26.80 NOTE
r-devel-linux-x86_64-fedora-clang 0.1.0 50.50 NOTE
r-devel-linux-x86_64-fedora-gcc 0.1.0 39.96 NOTE
r-devel-windows-x86_64 0.1.0 4.00 42.00 46.00 NOTE
r-devel-windows-x86_64-gcc10-UCRT 0.1.0 ERROR
r-patched-linux-x86_64 0.1.0 2.62 30.13 32.75 NOTE
r-patched-solaris-x86 0.1.0 64.80 NOTE
r-release-linux-x86_64 0.1.0 2.52 30.01 32.53 NOTE
r-release-macos-arm64 0.1.0 NOTE
r-release-macos-x86_64 0.1.0 WARN
r-release-windows-ix86+x86_64 0.1.0 6.00 39.00 45.00 NOTE
r-oldrel-macos-x86_64 0.1.0 WARN
r-oldrel-windows-ix86+x86_64 0.1.0 7.00 37.00 44.00 OK

Check Details

Version: 0.1.0
Check: LazyData
Result: NOTE
     'LazyData' is specified without a 'data' directory
Flavors: r-devel-linux-x86_64-debian-clang, r-devel-linux-x86_64-debian-gcc, r-devel-linux-x86_64-fedora-clang, r-devel-linux-x86_64-fedora-gcc, r-devel-windows-x86_64, r-devel-windows-x86_64-gcc10-UCRT, r-patched-linux-x86_64, r-patched-solaris-x86, r-release-linux-x86_64, r-release-macos-arm64, r-release-macos-x86_64, r-release-windows-ix86+x86_64

Version: 0.1.0
Check: whether package can be installed
Result: WARN
    Found the following significant warnings:
     WARNING: installation-time patches will not be applied, could not get the patches index
Flavor: r-devel-windows-x86_64-gcc10-UCRT

Version: 0.1.0
Check: PDF version of manual
Result: WARN
    LaTeX errors when creating PDF version.
    This typically indicates Rd problems.
Flavor: r-devel-windows-x86_64-gcc10-UCRT

Version: 0.1.0
Check: PDF version of manual without hyperrefs or index
Result: ERROR
    Re-running with no redirection of stdout/stderr.
Flavor: r-devel-windows-x86_64-gcc10-UCRT

Version: 0.1.0
Check: re-building of vignette outputs
Result: WARN
    Error(s) in re-building vignettes:
     ...
    --- re-building ‘introduction-to-parallelplot.Rmd’ using rmarkdown
    Warning in engine$weave(file, quiet = quiet, encoding = enc) :
     Pandoc (>= 1.12.3) not available. Falling back to R Markdown v1.
    Quitting from lines 25-26 (introduction-to-parallelplot.Rmd)
    Error: processing vignette 'introduction-to-parallelplot.Rmd' failed with diagnostics:
    invalid 'path' argument
    --- failed re-building ‘introduction-to-parallelplot.Rmd’
    
    SUMMARY: processing the following file failed:
     ‘introduction-to-parallelplot.Rmd’
    
    Error: Vignette re-building failed.
    Execution halted
Flavor: r-release-macos-x86_64

Version: 0.1.0
Check: re-building of vignette outputs
Result: WARN
    Error(s) in re-building vignettes:
     ...
    --- re-building ‘introduction-to-parallelplot.Rmd’ using rmarkdown
    Warning in engine$weave(file, quiet = quiet, encoding = enc) :
     Pandoc (>= 1.12.3) and/or pandoc-citeproc not available. Falling back to R Markdown v1.
    Quitting from lines 25-26 (introduction-to-parallelplot.Rmd)
    Error: processing vignette 'introduction-to-parallelplot.Rmd' failed with diagnostics:
    cannot open the connection
    --- failed re-building ‘introduction-to-parallelplot.Rmd’
    
    SUMMARY: processing the following file failed:
     ‘introduction-to-parallelplot.Rmd’
    
    Error: Vignette re-building failed.
    Execution halted
Flavor: r-oldrel-macos-x86_64