Last updated on 2024-10-03 09:49:37 CEST.
Flavor | Version | Tinstall | Tcheck | Ttotal | Status | Flags |
---|---|---|---|---|---|---|
r-devel-linux-x86_64-debian-clang | 0.1.0 | 253.39 | 203.20 | 456.59 | OK | |
r-devel-linux-x86_64-debian-gcc | 0.1.0 | 260.53 | 165.28 | 425.81 | OK | |
r-devel-linux-x86_64-fedora-clang | 0.1.0 | 764.25 | NOTE | |||
r-devel-linux-x86_64-fedora-gcc | 0.1.0 | 546.68 | NOTE | |||
r-devel-windows-x86_64 | 0.1.0 | 253.00 | 253.00 | 506.00 | OK | |
r-patched-linux-x86_64 | 0.1.0 | 319.18 | 218.16 | 537.34 | OK | |
r-release-linux-x86_64 | 0.1.0 | 326.54 | 219.18 | 545.72 | OK | |
r-release-macos-arm64 | 0.1.0 | 192.00 | NOTE | |||
r-release-macos-x86_64 | 0.1.0 | 461.00 | NOTE | |||
r-release-windows-x86_64 | 0.1.0 | 271.00 | 251.00 | 522.00 | OK | |
r-oldrel-macos-arm64 | 0.1.0 | 187.00 | NOTE | |||
r-oldrel-macos-x86_64 | 0.1.0 | 355.00 | NOTE | |||
r-oldrel-windows-x86_64 | 0.1.0 | 342.00 | 309.00 | 651.00 | OK |
Version: 0.1.0
Check: for GNU extensions in Makefiles
Result: NOTE
GNU make is a SystemRequirements.
Flavors: r-devel-linux-x86_64-fedora-clang, r-devel-linux-x86_64-fedora-gcc, r-release-macos-arm64, r-release-macos-x86_64, r-oldrel-macos-arm64, r-oldrel-macos-x86_64
Version: 0.1.0
Check: installed package size
Result: NOTE
installed size is 84.1Mb
sub-directories of 1Mb or more:
libs 83.6Mb
Flavors: r-release-macos-arm64, r-release-macos-x86_64, r-oldrel-macos-arm64, r-oldrel-macos-x86_64