Last updated on 2023-09-23 20:53:11 CEST.
Flavor | Version | Tinstall | Tcheck | Ttotal | Status | Flags |
---|---|---|---|---|---|---|
r-devel-linux-x86_64-debian-clang | 1.2.13 | 16.75 | 171.75 | 188.50 | NOTE | |
r-devel-linux-x86_64-debian-gcc | 1.2.13 | 14.67 | 128.50 | 143.17 | NOTE | |
r-devel-linux-x86_64-fedora-clang | 1.2.13 | 229.01 | NOTE | |||
r-devel-linux-x86_64-fedora-gcc | 1.2.13 | 219.41 | NOTE | |||
r-devel-windows-x86_64 | 1.2.13 | 16.00 | 142.00 | 158.00 | NOTE | |
r-patched-linux-x86_64 | 1.2.13 | 15.15 | 161.72 | 176.87 | NOTE | |
r-release-linux-x86_64 | 1.2.13 | 13.89 | 159.87 | 173.76 | NOTE | |
r-release-macos-arm64 | 1.2.13 | 73.00 | NOTE | |||
r-release-macos-x86_64 | 1.2.13 | 116.00 | NOTE | |||
r-release-windows-x86_64 | 1.2.13 | 20.00 | 175.00 | 195.00 | NOTE | |
r-oldrel-macos-arm64 | 1.2.13 | 65.00 | NOTE | |||
r-oldrel-macos-x86_64 | 1.2.13 | 111.00 | NOTE | |||
r-oldrel-windows-x86_64 | 1.2.13 | 23.00 | 173.00 | 196.00 | NOTE |
Version: 1.2.13
Check: LazyData
Result: NOTE
'LazyData' is specified without a 'data' directory
Flavors: r-devel-linux-x86_64-debian-clang, r-devel-linux-x86_64-debian-gcc, r-devel-linux-x86_64-fedora-clang, r-devel-linux-x86_64-fedora-gcc, r-devel-windows-x86_64, r-patched-linux-x86_64, r-release-linux-x86_64, r-release-macos-arm64, r-release-macos-x86_64, r-release-windows-x86_64, r-oldrel-macos-arm64, r-oldrel-macos-x86_64, r-oldrel-windows-x86_64