CRAN Package Check Results for Package pafr

Last updated on 2021-12-01 19:51:43 CET.

Flavor Version Tinstall Tcheck Ttotal Status Flags
r-devel-linux-x86_64-debian-clang 0.0.2 5.94 85.24 91.18 NOTE
r-devel-linux-x86_64-debian-gcc 0.0.2 4.59 65.51 70.10 NOTE
r-devel-linux-x86_64-fedora-clang 0.0.2 114.43 NOTE
r-devel-linux-x86_64-fedora-gcc 0.0.2 104.50 NOTE
r-devel-windows-x86_64-new-UL 0.0.2 14.00 127.00 141.00 NOTE
r-devel-windows-x86_64-new-TK 0.0.2 NOTE
r-devel-windows-x86_64-old 0.0.2 11.00 81.00 92.00 NOTE
r-patched-linux-x86_64 0.0.2 9.64 75.08 84.72 NOTE
r-patched-solaris-x86 0.0.2 116.00 NOTE
r-release-linux-x86_64 0.0.2 5.81 74.86 80.67 NOTE
r-release-macos-arm64 0.0.2 NOTE
r-release-macos-x86_64 0.0.2 NOTE
r-release-windows-ix86+x86_64 0.0.2 16.00 76.00 92.00 NOTE
r-oldrel-macos-x86_64 0.0.2 OK
r-oldrel-windows-ix86+x86_64 0.0.2 10.00 83.00 93.00 OK

Check Details

Version: 0.0.2
Check: LazyData
Result: NOTE
     'LazyData' is specified without a 'data' directory
Flavors: r-devel-linux-x86_64-debian-clang, r-devel-linux-x86_64-debian-gcc, r-devel-linux-x86_64-fedora-clang, r-devel-linux-x86_64-fedora-gcc, r-devel-windows-x86_64-new-UL, r-devel-windows-x86_64-new-TK, r-devel-windows-x86_64-old, r-patched-linux-x86_64, r-patched-solaris-x86, r-release-linux-x86_64, r-release-macos-arm64, r-release-macos-x86_64, r-release-windows-ix86+x86_64