CRAN Package Check Results for Package pacman

Last updated on 2021-10-16 20:50:51 CEST.

Flavor Version Tinstall Tcheck Ttotal Status Flags
r-devel-linux-x86_64-debian-clang 0.5.1 3.97 36.39 40.36 OK
r-devel-linux-x86_64-debian-gcc 0.5.1 3.12 28.05 31.17 OK
r-devel-linux-x86_64-fedora-clang 0.5.1 59.42 NOTE
r-devel-linux-x86_64-fedora-gcc 0.5.1 47.97 OK
r-devel-windows-x86_64 0.5.1 6.00 47.00 53.00 OK
r-devel-windows-x86_64-gcc10-UCRT 0.5.1 OK
r-patched-linux-x86_64 0.5.1 4.32 34.50 38.82 OK
r-patched-solaris-x86 0.5.1 69.70 OK
r-release-linux-x86_64 0.5.1 4.08 34.12 38.20 OK
r-release-macos-arm64 0.5.1 OK
r-release-macos-x86_64 0.5.1 OK
r-release-windows-ix86+x86_64 0.5.1 8.00 54.00 62.00 OK
r-oldrel-macos-x86_64 0.5.1 OK
r-oldrel-windows-ix86+x86_64 0.5.1 8.00 57.00 65.00 OK

Check Details

Version: 0.5.1
Check: Rd cross-references
Result: NOTE
    Undeclared package ‘devtools’ in Rd xrefs
Flavor: r-devel-linux-x86_64-fedora-clang