CRAN Package Check Results for Package pRF

Last updated on 2019-08-25 10:46:27 CEST.

Flavor Version Tinstall Tcheck Ttotal Status Flags
r-devel-linux-x86_64-debian-clang 1.2 9.73 83.40 93.13 OK
r-devel-linux-x86_64-debian-gcc 1.2 8.25 64.18 72.43 OK
r-devel-linux-x86_64-fedora-clang 1.2 110.42 OK
r-devel-linux-x86_64-fedora-gcc 1.2 108.52 OK
r-devel-windows-ix86+x86_64 1.2 21.00 130.00 151.00 OK
r-patched-linux-x86_64 1.2 9.00 79.51 88.51 OK
r-patched-solaris-x86 1.2 175.60 OK
r-release-linux-x86_64 1.2 8.38 79.29 87.67 OK
r-release-windows-ix86+x86_64 1.2 31.00 133.00 164.00 OK
r-release-osx-x86_64 1.2 ERROR
r-oldrel-windows-ix86+x86_64 1.2 16.00 122.00 138.00 OK
r-oldrel-osx-x86_64 1.2 OK

Check Details

Version: 1.2
Check: package dependencies
Result: ERROR
    Package required but not available: ‘multtest’
    
    See section ‘The DESCRIPTION file’ in the ‘Writing R Extensions’
    manual.
Flavor: r-release-osx-x86_64