CRAN Package Check Results for Package pGPx

Last updated on 2021-10-17 12:52:52 CEST.

Flavor Version Tinstall Tcheck Ttotal Status Flags
r-devel-linux-x86_64-debian-clang 0.1.1 25.94 49.42 75.36 NOTE
r-devel-linux-x86_64-debian-gcc 0.1.1 19.49 37.28 56.77 NOTE
r-devel-linux-x86_64-fedora-clang 0.1.1 114.53 NOTE
r-devel-linux-x86_64-fedora-gcc 0.1.1 97.96 NOTE
r-devel-windows-x86_64 0.1.1 40.00 89.00 129.00 NOTE
r-devel-windows-x86_64-gcc10-UCRT 0.1.1 NOTE
r-patched-linux-x86_64 0.1.1 24.62 47.02 71.64 NOTE
r-patched-solaris-x86 0.1.1 127.30 NOTE
r-release-linux-x86_64 0.1.1 24.32 48.21 72.53 NOTE
r-release-macos-arm64 0.1.1 NOTE
r-release-macos-x86_64 0.1.1 NOTE
r-release-windows-ix86+x86_64 0.1.1 53.00 113.00 166.00 NOTE
r-oldrel-macos-x86_64 0.1.1 OK
r-oldrel-windows-ix86+x86_64 0.1.1 74.00 116.00 190.00 OK

Check Details

Version: 0.1.1
Check: LazyData
Result: NOTE
     'LazyData' is specified without a 'data' directory
Flavors: r-devel-linux-x86_64-debian-clang, r-devel-linux-x86_64-debian-gcc, r-devel-linux-x86_64-fedora-clang, r-devel-linux-x86_64-fedora-gcc, r-devel-windows-x86_64, r-devel-windows-x86_64-gcc10-UCRT, r-patched-linux-x86_64, r-patched-solaris-x86, r-release-linux-x86_64, r-release-macos-arm64, r-release-macos-x86_64, r-release-windows-ix86+x86_64