CRAN Package Check Results for Package outreg

Last updated on 2024-02-26 07:50:08 CET.

Flavor Version Tinstall Tcheck Ttotal Status Flags
r-devel-linux-x86_64-debian-clang 0.2.2 3.29 38.61 41.90 NOTE
r-devel-linux-x86_64-debian-gcc 0.2.2 2.28 29.65 31.93 NOTE
r-devel-linux-x86_64-fedora-clang 0.2.2 50.85 NOTE
r-devel-linux-x86_64-fedora-gcc 0.2.2 49.19 NOTE
r-devel-windows-x86_64 0.2.2 4.00 53.00 57.00 NOTE
r-patched-linux-x86_64 0.2.2 2.69 38.58 41.27 NOTE
r-release-linux-x86_64 0.2.2 1.93 38.56 40.49 NOTE
r-release-macos-arm64 0.2.2 21.00 NOTE
r-release-macos-x86_64 0.2.2 28.00 NOTE
r-release-windows-x86_64 0.2.2 4.00 55.00 59.00 NOTE
r-oldrel-macos-arm64 0.2.2 18.00 NOTE
r-oldrel-windows-x86_64 0.2.2 5.00 58.00 63.00 NOTE

Check Details

Version: 0.2.2
Check: LazyData
Result: NOTE 'LazyData' is specified without a 'data' directory Flavors: r-devel-linux-x86_64-debian-clang, r-devel-linux-x86_64-debian-gcc, r-devel-linux-x86_64-fedora-clang, r-devel-linux-x86_64-fedora-gcc, r-devel-windows-x86_64, r-patched-linux-x86_64, r-release-linux-x86_64, r-release-macos-arm64, r-release-macos-x86_64, r-release-windows-x86_64, r-oldrel-macos-arm64, r-oldrel-windows-x86_64