CRAN Package Check Results for Package otsfeatures

Last updated on 2024-02-20 19:51:11 CET.

Flavor Version Tinstall Tcheck Ttotal Status Flags
r-devel-linux-x86_64-debian-clang 1.0.0 OK
r-devel-linux-x86_64-debian-gcc 1.0.0 4.32 29.41 33.73 OK
r-devel-linux-x86_64-fedora-clang 1.0.0 56.10 NOTE
r-devel-linux-x86_64-fedora-gcc 1.0.0 53.43 NOTE
r-devel-windows-x86_64 1.0.0 6.00 55.00 61.00 OK
r-patched-linux-x86_64 1.0.0 5.03 38.11 43.14 OK
r-release-linux-x86_64 1.0.0 5.11 37.96 43.07 OK
r-release-macos-arm64 1.0.0 25.00 OK
r-release-macos-x86_64 1.0.0 30.00 OK
r-release-windows-x86_64 1.0.0 8.00 59.00 67.00 OK
r-oldrel-macos-arm64 1.0.0 22.00 OK
r-oldrel-windows-x86_64 1.0.0 8.00 57.00 65.00 OK

Check Details

Version: 1.0.0
Check: dependencies in R code
Result: NOTE Namespaces in Imports field not imported from: ‘Rdpack’ ‘astsa’ All declared Imports should be used. Flavors: r-devel-linux-x86_64-fedora-clang, r-devel-linux-x86_64-fedora-gcc