CRAN Package Check Results for Package osrmr

Last updated on 2021-09-21 08:50:00 CEST.

Flavor Version Tinstall Tcheck Ttotal Status Flags
r-devel-linux-x86_64-debian-clang 0.1.36 2.22 26.32 28.54 OK
r-devel-linux-x86_64-debian-gcc 0.1.36 1.83 20.89 22.72 OK
r-devel-linux-x86_64-fedora-clang 0.1.36 43.82 OK
r-devel-linux-x86_64-fedora-gcc 0.1.36 33.11 OK
r-devel-windows-x86_64 0.1.36 4.00 37.00 41.00 OK
r-devel-windows-x86_64-gcc10-UCRT 0.1.36 ERROR
r-patched-linux-x86_64 0.1.36 2.33 25.16 27.49 OK
r-patched-solaris-x86 0.1.36 52.70 OK
r-release-linux-x86_64 0.1.36 1.77 25.25 27.02 OK
r-release-macos-arm64 0.1.36 OK
r-release-macos-x86_64 0.1.36 OK
r-release-windows-ix86+x86_64 0.1.36 7.00 33.00 40.00 OK
r-oldrel-macos-x86_64 0.1.36 OK
r-oldrel-windows-ix86+x86_64 0.1.36 5.00 36.00 41.00 OK

Check Details

Version: 0.1.36
Check: whether package can be installed
Result: WARN
    Found the following significant warnings:
     WARNING: installation-time patches will not be applied, could not get the patches index
Flavor: r-devel-windows-x86_64-gcc10-UCRT

Version: 0.1.36
Check: PDF version of manual
Result: WARN
    LaTeX errors when creating PDF version.
    This typically indicates Rd problems.
Flavor: r-devel-windows-x86_64-gcc10-UCRT

Version: 0.1.36
Check: PDF version of manual without hyperrefs or index
Result: ERROR
    Re-running with no redirection of stdout/stderr.
Flavor: r-devel-windows-x86_64-gcc10-UCRT