CRAN Package Check Results for Package osfr

Last updated on 2022-09-28 08:51:25 CEST.

Flavor Version Tinstall Tcheck Ttotal Status Flags
r-devel-linux-x86_64-debian-clang 0.2.9 7.83 69.73 77.56 OK
r-devel-linux-x86_64-debian-gcc 0.2.9 6.00 52.78 58.78 OK
r-devel-linux-x86_64-fedora-clang 0.2.9 112.35 OK
r-devel-linux-x86_64-fedora-gcc 0.2.9 105.11 OK
r-devel-windows-x86_64 0.2.9 84.00 101.00 185.00 OK
r-patched-linux-x86_64 0.2.8 6.47 64.45 70.92 NOTE
r-release-linux-x86_64 0.2.8 6.64 64.86 71.50 NOTE
r-release-macos-arm64 0.2.9 34.00 OK
r-release-macos-x86_64 0.2.9 43.00 OK
r-release-windows-x86_64 0.2.9 81.00 104.00 185.00 OK
r-oldrel-macos-arm64 0.2.9 34.00 OK
r-oldrel-macos-x86_64 0.2.9 45.00 OK
r-oldrel-windows-ix86+x86_64 0.2.9 18.00 93.00 111.00 OK

Check Details

Version: 0.2.8
Check: LazyData
Result: NOTE
     'LazyData' is specified without a 'data' directory
Flavors: r-patched-linux-x86_64, r-release-linux-x86_64