CRAN Package Check Results for Package orloca

Last updated on 2021-09-24 20:48:53 CEST.

Flavor Version Tinstall Tcheck Ttotal Status Flags
r-devel-linux-x86_64-debian-clang 4.10 4.68 41.09 45.77 OK
r-devel-linux-x86_64-debian-gcc 4.10 3.94 31.39 35.33 OK
r-devel-linux-x86_64-fedora-clang 4.10 63.82 NOTE
r-devel-linux-x86_64-fedora-gcc 4.10 52.89 NOTE
r-devel-windows-x86_64 4.10 6.00 49.00 55.00 OK
r-devel-windows-x86_64-gcc10-UCRT 4.10 NOTE
r-patched-linux-x86_64 4.10 5.31 40.32 45.63 OK
r-patched-solaris-x86 4.10 71.30 NOTE
r-release-linux-x86_64 4.10 3.65 40.37 44.02 OK
r-release-macos-arm64 4.10 NOTE
r-release-macos-x86_64 4.10 NOTE
r-release-windows-ix86+x86_64 4.10 9.00 45.00 54.00 OK
r-oldrel-macos-x86_64 4.10 NOTE
r-oldrel-windows-ix86+x86_64 4.10 7.00 45.00 52.00 OK

Check Details

Version: 4.10
Check: dependencies in R code
Result: NOTE
    Namespaces in Imports field not imported from:
     ‘knitr’ ‘rmarkdown’
     All declared Imports should be used.
Flavors: r-devel-linux-x86_64-fedora-clang, r-devel-linux-x86_64-fedora-gcc, r-devel-windows-x86_64-gcc10-UCRT, r-patched-solaris-x86, r-release-macos-arm64, r-release-macos-x86_64, r-oldrel-macos-x86_64

Version: 4.10
Check: Rd cross-references
Result: NOTE
    Undeclared package ‘orloca.es’ in Rd xrefs
Flavor: r-devel-linux-x86_64-fedora-clang