CRAN Package Check Results for Package ordinalpattern

Last updated on 2023-03-29 08:53:46 CEST.

Flavor Version Tinstall Tcheck Ttotal Status Flags
r-devel-linux-x86_64-debian-clang 0.2.1 3.53 26.19 29.72 ERROR
r-devel-linux-x86_64-debian-gcc 0.2.1 2.28 20.69 22.97 ERROR
r-devel-linux-x86_64-fedora-clang 0.2.1 40.70 ERROR
r-devel-linux-x86_64-fedora-gcc 0.2.1 37.42 ERROR
r-devel-windows-x86_64 0.2.1 27.00 0.00 27.00 ERROR
r-patched-linux-x86_64 0.2.1 2.83 25.62 28.45 ERROR
r-release-linux-x86_64 0.2.1 2.43 26.11 28.54 OK
r-release-macos-arm64 0.2.1 18.00 OK
r-release-macos-x86_64 0.2.1 21.00 OK
r-release-windows-x86_64 0.2.1 7.00 52.00 59.00 OK
r-oldrel-macos-arm64 0.2.1 20.00 OK
r-oldrel-macos-x86_64 0.2.1 27.00 OK
r-oldrel-windows-ix86+x86_64 0.2.1 9.00 56.00 65.00 OK

Check Details

Version: 0.2.1
Check: examples
Result: ERROR
    Running examples in ‘ordinalpattern-Ex.R’ failed
    The error most likely occurred in:
    
    > base::assign(".ptime", proc.time(), pos = "CheckExEnv")
    > ### Name: patternchange
    > ### Title: Changepoint Detection Using Ordinal Patterns
    > ### Aliases: patternchange plot.change
    >
    > ### ** Examples
    >
    > set.seed(1066)
    > a1 <- cbind(rnorm(100),rnorm(100))
    > a2 <- rmvnorm(100,sigma=matrix(c(1,0.8,0.8,1),ncol=2))
    > A <- rbind(a1,a2)
    > testresult <- patternchange(A[,1],A[,2])
    Error in patternseq(tsx, h = h - 1, block = FALSE) :
     DLL requires the use of native symbols
    Calls: patternchange -> patternseq
    Execution halted
Flavors: r-devel-linux-x86_64-debian-clang, r-devel-linux-x86_64-debian-gcc, r-patched-linux-x86_64

Version: 0.2.1
Check: examples
Result: ERROR
    Running examples in ‘ordinalpattern-Ex.R’ failed
    The error most likely occurred in:
    
    > ### Name: patternchange
    > ### Title: Changepoint Detection Using Ordinal Patterns
    > ### Aliases: patternchange plot.change
    >
    > ### ** Examples
    >
    > set.seed(1066)
    > a1 <- cbind(rnorm(100),rnorm(100))
    > a2 <- rmvnorm(100,sigma=matrix(c(1,0.8,0.8,1),ncol=2))
    > A <- rbind(a1,a2)
    > testresult <- patternchange(A[,1],A[,2])
    Error in patternseq(tsx, h = h - 1, block = FALSE) :
     DLL requires the use of native symbols
    Calls: patternchange -> patternseq
    Execution halted
Flavors: r-devel-linux-x86_64-fedora-clang, r-devel-linux-x86_64-fedora-gcc, r-devel-windows-x86_64