CRAN Package Check Results for Package optrcdmaeAT

Last updated on 2020-07-14 09:50:41 CEST.

Flavor Version Tinstall Tcheck Ttotal Status Flags
r-devel-linux-x86_64-debian-clang 1.0.0 11.53 70.96 82.49 NOTE
r-devel-linux-x86_64-debian-gcc 1.0.0 9.66 55.64 65.30 NOTE
r-devel-linux-x86_64-fedora-clang 1.0.0 107.82 NOTE
r-devel-linux-x86_64-fedora-gcc 1.0.0 103.40 NOTE
r-devel-windows-ix86+x86_64 1.0.0 25.00 99.00 124.00 OK
r-patched-linux-x86_64 1.0.0 11.53 71.15 82.68 NOTE
r-patched-solaris-x86 1.0.0 147.30 NOTE
r-release-linux-x86_64 1.0.0 11.94 71.37 83.31 NOTE
r-release-macos-x86_64 1.0.0 ERROR
r-release-windows-ix86+x86_64 1.0.0 23.00 75.00 98.00 OK
r-oldrel-macos-x86_64 1.0.0 FAIL
r-oldrel-windows-ix86+x86_64 1.0.0 22.00 91.00 113.00 OK

Check Details

Version: 1.0.0
Check: for non-standard things in the check directory
Result: NOTE
    Found the following files/directories:
     'Graph_layout_Doptrcd_trtE'
Flavors: r-devel-linux-x86_64-debian-clang, r-devel-linux-x86_64-debian-gcc, r-devel-linux-x86_64-fedora-clang, r-devel-linux-x86_64-fedora-gcc, r-patched-linux-x86_64, r-patched-solaris-x86, r-release-linux-x86_64

Version: 1.0.0
Check: whether package can be installed
Result: ERROR
    Installation failed.
Flavor: r-release-macos-x86_64

Version: 1.0.0
Check: whether package can be installed
Result: FAIL
Flavor: r-oldrel-macos-x86_64