CRAN Package Check Results for Package optimLanduse

Last updated on 2021-09-27 09:49:48 CEST.

Flavor Version Tinstall Tcheck Ttotal Status Flags
r-devel-linux-x86_64-debian-clang 0.0.4 4.18 46.37 50.55 NOTE
r-devel-linux-x86_64-debian-gcc 0.0.4 3.57 34.18 37.75 NOTE
r-devel-linux-x86_64-fedora-clang 0.0.4 69.97 NOTE
r-devel-linux-x86_64-fedora-gcc 0.0.4 55.46 NOTE
r-devel-windows-x86_64 0.0.4 6.00 48.00 54.00 NOTE
r-devel-windows-x86_64-gcc10-UCRT 0.0.4 NOTE
r-patched-linux-x86_64 0.0.4 4.41 42.63 47.04 NOTE
r-patched-solaris-x86 0.0.4 80.60 NOTE
r-release-linux-x86_64 0.0.4 4.15 42.26 46.41 NOTE
r-release-macos-arm64 0.0.4 NOTE
r-release-macos-x86_64 0.0.4 NOTE
r-release-windows-ix86+x86_64 0.0.4 12.00 47.00 59.00 NOTE
r-oldrel-macos-x86_64 0.0.4 OK
r-oldrel-windows-ix86+x86_64 0.0.4 10.00 49.00 59.00 OK

Check Details

Version: 0.0.4
Check: LazyData
Result: NOTE
     'LazyData' is specified without a 'data' directory
Flavors: r-devel-linux-x86_64-debian-clang, r-devel-linux-x86_64-debian-gcc, r-devel-linux-x86_64-fedora-clang, r-devel-linux-x86_64-fedora-gcc, r-devel-windows-x86_64, r-devel-windows-x86_64-gcc10-UCRT, r-patched-linux-x86_64, r-patched-solaris-x86, r-release-linux-x86_64, r-release-macos-arm64, r-release-macos-x86_64, r-release-windows-ix86+x86_64