Last updated on 2022-05-18 21:53:22 CEST.
Flavor | Version | Tinstall | Tcheck | Ttotal | Status | Flags |
---|---|---|---|---|---|---|
r-devel-linux-x86_64-debian-clang | 1.0 | 12.35 | 106.51 | 118.86 | OK | |
r-devel-linux-x86_64-debian-gcc | 1.0 | 7.25 | 82.96 | 90.21 | OK | |
r-devel-linux-x86_64-fedora-clang | 1.0 | 146.75 | NOTE | |||
r-devel-linux-x86_64-fedora-gcc | 1.0 | 137.26 | NOTE | |||
r-devel-windows-x86_64 | 1.0 | 25.00 | 117.00 | 142.00 | OK | |
r-patched-linux-x86_64 | 1.0 | 11.22 | 105.58 | 116.80 | OK | |
r-release-linux-x86_64 | 1.0 | 10.05 | 105.02 | 115.07 | OK | |
r-release-macos-arm64 | 1.0 | 44.00 | NOTE | |||
r-release-macos-x86_64 | 1.0 | 73.00 | NOTE | |||
r-release-windows-x86_64 | 1.0 | 23.00 | 118.00 | 141.00 | OK | |
r-oldrel-macos-arm64 | 1.0 | 54.00 | NOTE | |||
r-oldrel-macos-x86_64 | 1.0 | 55.00 | NOTE | |||
r-oldrel-windows-ix86+x86_64 | 1.0 | 23.00 | 119.00 | 142.00 | OK |
Version: 1.0
Check: dependencies in R code
Result: NOTE
Namespace in Imports field not imported from: ‘Matrix’
All declared Imports should be used.
Flavors: r-devel-linux-x86_64-fedora-clang, r-devel-linux-x86_64-fedora-gcc, r-release-macos-arm64, r-release-macos-x86_64, r-oldrel-macos-arm64, r-oldrel-macos-x86_64