CRAN Package Check Results for Package optCluster

Last updated on 2021-11-28 19:48:59 CET.

Flavor Version Tinstall Tcheck Ttotal Status Flags
r-devel-linux-x86_64-debian-clang 1.3.0 OK
r-devel-linux-x86_64-debian-gcc 1.3.0 4.81 40.35 45.16 OK
r-devel-linux-x86_64-fedora-clang 1.3.0 79.68 OK
r-devel-linux-x86_64-fedora-gcc 1.3.0 68.79 OK
r-devel-windows-x86_64-new-UL 1.3.0 18.00 88.00 106.00 OK
r-devel-windows-x86_64-new-TK 1.3.0 OK
r-devel-windows-x86_64-old 1.3.0 10.00 78.00 88.00 OK
r-patched-linux-x86_64 1.3.0 8.80 48.88 57.68 OK
r-patched-solaris-x86 1.3.0 99.80 OK
r-release-linux-x86_64 1.3.0 7.32 49.22 56.54 OK
r-release-macos-arm64 1.3.0 NOTE
r-release-macos-x86_64 1.3.0 NOTE
r-release-windows-ix86+x86_64 1.3.0 14.00 57.00 71.00 OK
r-oldrel-macos-x86_64 1.3.0 NOTE
r-oldrel-windows-ix86+x86_64 1.3.0 9.00 68.00 77.00 OK

Check Details

Version: 1.3.0
Check: package dependencies
Result: NOTE
    Packages suggested but not available for checking:
     'GO.db', 'org.At.tair.db'
Flavors: r-release-macos-arm64, r-release-macos-x86_64

Version: 1.3.0
Check: package dependencies
Result: NOTE
    Package suggested but not available for checking: ‘org.At.tair.db’
Flavor: r-oldrel-macos-x86_64