Last updated on 2023-01-27 08:52:43 CET.
Flavor | Version | Tinstall | Tcheck | Ttotal | Status | Flags |
---|---|---|---|---|---|---|
r-devel-linux-x86_64-debian-clang | 1.8.0 | 13.99 | 156.06 | 170.05 | NOTE | |
r-devel-linux-x86_64-debian-gcc | 1.8.0 | 11.12 | 116.91 | 128.03 | NOTE | |
r-devel-linux-x86_64-fedora-clang | 1.8.0 | 204.83 | NOTE | |||
r-devel-linux-x86_64-fedora-gcc | 1.8.0 | 219.15 | NOTE | |||
r-patched-linux-x86_64 | 1.8.0 | 12.66 | 151.77 | 164.43 | OK | |
r-release-linux-x86_64 | 1.8.0 | 14.39 | 150.27 | 164.66 | OK | |
r-release-macos-arm64 | 1.8.0 | 47.00 | OK | |||
r-release-macos-x86_64 | 1.8.0 | 92.00 | OK | |||
r-release-windows-x86_64 | 1.8.0 | 28.00 | 186.00 | 214.00 | OK | |
r-oldrel-macos-arm64 | 1.8.0 | 57.00 | OK | |||
r-oldrel-macos-x86_64 | 1.8.0 | 72.00 | OK | |||
r-oldrel-windows-ix86+x86_64 | 1.8.0 | 31.00 | 184.00 | 215.00 | OK |
Version: 1.8.0
Check: package subdirectories
Result: NOTE
Problems with news in ‘NEWS.md’:
No news entries found.
Flavors: r-devel-linux-x86_64-debian-clang, r-devel-linux-x86_64-debian-gcc, r-devel-linux-x86_64-fedora-clang, r-devel-linux-x86_64-fedora-gcc