CRAN Package Check Results for Package opitools

Last updated on 2024-02-26 19:50:16 CET.

Flavor Version Tinstall Tcheck Ttotal Status Flags
r-devel-linux-x86_64-debian-clang 1.8.0 14.52 142.08 156.60 NOTE
r-devel-linux-x86_64-debian-gcc 1.8.0 10.79 103.79 114.58 NOTE
r-devel-linux-x86_64-fedora-clang 1.8.0 188.38 NOTE
r-devel-linux-x86_64-fedora-gcc 1.8.0 202.74 NOTE
r-devel-windows-x86_64 1.8.0 12.00 116.00 128.00 NOTE
r-patched-linux-x86_64 1.8.0 13.05 134.20 147.25 NOTE
r-release-linux-x86_64 1.8.0 9.33 132.12 141.45 NOTE
r-release-macos-arm64 1.8.0 58.00 NOTE
r-release-macos-x86_64 1.8.0 101.00 NOTE
r-release-windows-x86_64 1.8.0 16.00 140.00 156.00 NOTE
r-oldrel-macos-arm64 1.8.0 47.00 OK
r-oldrel-windows-x86_64 1.8.0 16.00 140.00 156.00 OK

Check Details

Version: 1.8.0
Check: package subdirectories
Result: NOTE Problems with news in ‘NEWS.md’: No news entries found. Flavors: r-devel-linux-x86_64-debian-clang, r-devel-linux-x86_64-debian-gcc, r-devel-linux-x86_64-fedora-clang, r-devel-linux-x86_64-fedora-gcc, r-devel-windows-x86_64, r-patched-linux-x86_64, r-release-linux-x86_64, r-release-macos-arm64, r-release-macos-x86_64, r-release-windows-x86_64

Version: 1.8.0
Check: Rd files
Result: NOTE checkRd: (-1) word_imp.Rd:14: Lost braces 14 | number of individual records. An \code{n} x code{2} dataframe can | ^ Flavors: r-devel-linux-x86_64-debian-clang, r-devel-linux-x86_64-debian-gcc, r-devel-linux-x86_64-fedora-clang