CRAN Package Check Results for Package opera

Last updated on 2021-09-22 08:50:21 CEST.

Flavor Version Tinstall Tcheck Ttotal Status Flags
r-devel-linux-x86_64-debian-clang 1.1.1 4.98 68.88 73.86 OK
r-devel-linux-x86_64-debian-gcc 1.1.1 3.44 51.78 55.22 OK
r-devel-linux-x86_64-fedora-clang 1.1.1 97.03 OK
r-devel-linux-x86_64-fedora-gcc 1.1.1 85.42 OK
r-devel-windows-x86_64 1.1.1 6.00 68.00 74.00 OK
r-devel-windows-x86_64-gcc10-UCRT 1.1.1 ERROR
r-patched-linux-x86_64 1.1.1 5.57 66.07 71.64 OK
r-patched-solaris-x86 1.1.1 117.40 OK
r-release-linux-x86_64 1.1.1 4.37 65.41 69.78 OK
r-release-macos-arm64 1.1.1 OK
r-release-macos-x86_64 1.1.1 OK
r-release-windows-ix86+x86_64 1.1.1 10.00 67.00 77.00 OK
r-oldrel-macos-x86_64 1.1.1 OK
r-oldrel-windows-ix86+x86_64 1.1.1 17.00 61.00 78.00 OK

Check Details

Version: 1.1.1
Check: PDF version of manual
Result: WARN
    LaTeX errors when creating PDF version.
    This typically indicates Rd problems.
Flavor: r-devel-windows-x86_64-gcc10-UCRT

Version: 1.1.1
Check: PDF version of manual without hyperrefs or index
Result: ERROR
    Re-running with no redirection of stdout/stderr.
Flavor: r-devel-windows-x86_64-gcc10-UCRT