CRAN Package Check Results for Package openssl

Last updated on 2022-01-22 07:52:51 CET.

Flavor Version Tinstall Tcheck Ttotal Status Flags
r-devel-linux-x86_64-debian-clang 1.4.6 14.44 56.56 71.00 OK
r-devel-linux-x86_64-debian-gcc 1.4.6 8.60 46.00 54.60 OK
r-devel-linux-x86_64-fedora-clang 1.4.6 88.45 OK
r-devel-linux-x86_64-fedora-gcc 1.4.6 74.89 OK
r-devel-windows-x86_64-new-UL 1.4.6 233.00 124.00 357.00 NOTE
r-devel-windows-x86_64-new-TK 1.4.6 OK
r-patched-linux-x86_64 1.4.6 11.18 62.22 73.40 OK
r-release-linux-x86_64 1.4.6 9.19 61.36 70.55 OK
r-release-macos-arm64 1.4.6 NOTE
r-release-macos-x86_64 1.4.6 NOTE
r-release-windows-ix86+x86_64 1.4.6 74.00 136.00 210.00 NOTE
r-oldrel-macos-x86_64 1.4.6 NOTE
r-oldrel-windows-ix86+x86_64 1.4.6 72.00 135.00 207.00 NOTE

Check Details

Version: 1.4.6
Check: installed package size
Result: NOTE
     installed size is 5.9Mb
     sub-directories of 1Mb or more:
     doc 2.6Mb
     libs 2.8Mb
Flavors: r-devel-windows-x86_64-new-UL, r-release-macos-arm64, r-release-macos-x86_64, r-release-windows-ix86+x86_64, r-oldrel-macos-x86_64, r-oldrel-windows-ix86+x86_64