CRAN Package Check Results for Package opencv

Last updated on 2022-01-18 20:50:46 CET.

Flavor Version Tinstall Tcheck Ttotal Status Flags
r-devel-linux-x86_64-debian-clang 0.2.1 121.90 130.11 252.01 OK
r-devel-linux-x86_64-debian-gcc 0.2.1 78.21 48.64 126.85 OK
r-devel-linux-x86_64-fedora-gcc 0.2.1 294.53 OK
r-devel-windows-x86_64-new-UL 0.2.1 833.00 150.00 983.00 NOTE
r-devel-windows-x86_64-new-TK 0.2.1 OK
r-patched-linux-x86_64 0.2.1 100.32 64.03 164.35 OK
r-release-linux-x86_64 0.2.1 OK
r-release-macos-arm64 0.2.1 NOTE
r-release-macos-x86_64 0.2.1 NOTE
r-release-windows-ix86+x86_64 0.2.1 313.00 144.00 457.00 NOTE
r-oldrel-macos-x86_64 0.2.1 NOTE
r-oldrel-windows-ix86+x86_64 0.2.1 314.00 148.00 462.00 NOTE

Check Details

Version: 0.2.1
Check: installed package size
Result: NOTE
     installed size is 23.4Mb
     sub-directories of 1Mb or more:
     libs 13.1Mb
     share 10.2Mb
Flavors: r-devel-windows-x86_64-new-UL, r-release-macos-arm64, r-release-macos-x86_64, r-release-windows-ix86+x86_64, r-oldrel-macos-x86_64, r-oldrel-windows-ix86+x86_64