CRAN Package Check Results for Package opencpu

Last updated on 2022-01-26 07:52:52 CET.

Flavor Version Tinstall Tcheck Ttotal Status Flags
r-devel-linux-x86_64-debian-clang 2.2.6 5.94 50.37 56.31 OK
r-devel-linux-x86_64-debian-gcc 2.2.6 4.05 39.31 43.36 OK
r-devel-linux-x86_64-fedora-clang 2.2.6 68.79 NOTE
r-devel-linux-x86_64-fedora-gcc 2.2.6 56.99 NOTE
r-devel-windows-x86_64-new-UL 2.2.6 76.00 63.00 139.00 NOTE
r-devel-windows-x86_64-new-TK 2.2.6 NOTE
r-patched-linux-x86_64 2.2.6 7.37 48.90 56.27 OK
r-release-linux-x86_64 2.2.6 4.17 47.95 52.12 OK
r-release-macos-arm64 2.2.6 NOTE
r-release-macos-x86_64 2.2.6 NOTE
r-release-windows-ix86+x86_64 2.2.6 11.00 58.00 69.00 NOTE
r-oldrel-macos-x86_64 2.2.6 NOTE
r-oldrel-windows-ix86+x86_64 2.2.6 11.00 57.00 68.00 NOTE

Check Details

Version: 2.2.6
Check: data for non-ASCII characters
Result: NOTE
     Note: found 4 marked UTF-8 strings
Flavors: r-devel-linux-x86_64-fedora-clang, r-devel-linux-x86_64-fedora-gcc, r-devel-windows-x86_64-new-TK, r-release-macos-arm64, r-release-macos-x86_64, r-oldrel-macos-x86_64

Version: 2.2.6
Check: package dependencies
Result: NOTE
    Package suggested but not available for checking: 'unix'
Flavors: r-devel-windows-x86_64-new-UL, r-devel-windows-x86_64-new-TK, r-release-windows-ix86+x86_64, r-oldrel-windows-ix86+x86_64