CRAN Package Check Results for Package opencage

Last updated on 2019-12-07 08:49:35 CET.

Flavor Version Tinstall Tcheck Ttotal Status Flags
r-devel-linux-x86_64-debian-clang 0.1.4 2.53 23.17 25.70 NOTE
r-devel-linux-x86_64-debian-gcc 0.1.4 1.93 18.74 20.67 NOTE
r-devel-linux-x86_64-fedora-clang 0.1.4 30.97 OK
r-devel-linux-x86_64-fedora-gcc 0.1.4 30.35 OK
r-devel-windows-ix86+x86_64 0.1.4 7.00 52.00 59.00 NOTE
r-devel-windows-ix86+x86_64-gcc8 0.1.4 7.00 51.00 58.00 NOTE
r-patched-linux-x86_64 0.1.4 2.06 21.63 23.69 OK
r-patched-solaris-x86 0.1.4 47.30 OK
r-release-linux-x86_64 0.1.4 1.92 21.56 23.48 OK
r-release-windows-ix86+x86_64 0.1.4 5.00 36.00 41.00 OK
r-release-osx-x86_64 0.1.4 OK
r-oldrel-windows-ix86+x86_64 0.1.4 3.00 64.00 67.00 OK
r-oldrel-osx-x86_64 0.1.4 OK

Check Details

Version: 0.1.4
Check: package vignettes
Result: NOTE
    Package vignette with placeholder title 'Vignette Title':
     'opencage.Rmd'
Flavors: r-devel-linux-x86_64-debian-clang, r-devel-linux-x86_64-debian-gcc, r-devel-windows-ix86+x86_64, r-devel-windows-ix86+x86_64-gcc8