CRAN Package Check Results for Package openSkies

Last updated on 2021-09-23 20:52:23 CEST.

Flavor Version Tinstall Tcheck Ttotal Status Flags
r-devel-linux-x86_64-debian-clang 1.1.4 15.51 79.26 94.77 OK
r-devel-linux-x86_64-debian-gcc 1.1.4 13.33 60.63 73.96 OK
r-devel-linux-x86_64-fedora-clang 1.1.4 122.26 OK
r-devel-linux-x86_64-fedora-gcc 1.1.4 110.06 OK
r-devel-windows-x86_64 1.1.4 16.00 78.00 94.00 OK
r-devel-windows-x86_64-gcc10-UCRT 1.1.4 OK
r-patched-linux-x86_64 1.1.4 19.83 73.52 93.35 OK
r-release-linux-x86_64 1.1.4 12.32 74.05 86.37 OK
r-release-macos-arm64 1.1.4 NOTE
r-release-macos-x86_64 1.1.4 OK
r-release-windows-ix86+x86_64 1.1.4 30.00 137.00 167.00 OK
r-oldrel-macos-x86_64 1.1.4 OK
r-oldrel-windows-ix86+x86_64 1.1.4 23.00 97.00 120.00 OK

Check Details

Version: 1.1.4
Check: package dependencies
Result: NOTE
    Package suggested but not available for checking: ‘BiocStyle’
Flavor: r-release-macos-arm64